{"id":356,"date":"2022-02-10T14:05:59","date_gmt":"2022-02-10T12:05:59","guid":{"rendered":"https:\/\/suukko2.fi\/?page_id=356"},"modified":"2025-05-13T12:18:12","modified_gmt":"2025-05-13T10:18:12","slug":"laivahuolto","status":"publish","type":"page","link":"https:\/\/suukko2.fi\/?page_id=356","title":{"rendered":"LAIVAHUOLTO"},"content":{"rendered":"\n<p class=\"has-medium-font-size\">Yhdistykselt\u00e4mme saat j\u00e4rkev\u00e4n hintaista ja ammattitaitoista laivakorjausta yli 15 metrisiin aluksiin rannikon alueella. P\u00e4\u00e4fokuksenamme on vanhat ja historialliset alukset, vaikkakin asiakaanamme on ollut my\u00f6s uudempiakin ammattialuksia.  Kokemusta on sis\u00e4vesien vanhoista h\u00f6yryaluksista rahtilaivoihin saakka. Puualuksia emme korjaa, paitsi tekniikan osalta.<\/p>\n\n\n\n<figure class=\"wp-block-image aligncenter size-large is-resized\"><a href=\"https:\/\/suukko2.fi\/wp-content\/uploads\/2022\/02\/14060204-uus.jpg\"><img loading=\"lazy\" decoding=\"async\" width=\"1024\" height=\"550\" src=\"https:\/\/suukko2.fi\/wp-content\/uploads\/2022\/02\/14060204-uus-1024x550.jpg\" alt=\"\" class=\"wp-image-365\" style=\"width:630px;height:337px\" srcset=\"https:\/\/suukko2.fi\/wp-content\/uploads\/2022\/02\/14060204-uus-1024x550.jpg 1024w, https:\/\/suukko2.fi\/wp-content\/uploads\/2022\/02\/14060204-uus-300x161.jpg 300w, https:\/\/suukko2.fi\/wp-content\/uploads\/2022\/02\/14060204-uus-768x413.jpg 768w, https:\/\/suukko2.fi\/wp-content\/uploads\/2022\/02\/14060204-uus-1536x825.jpg 1536w, https:\/\/suukko2.fi\/wp-content\/uploads\/2022\/02\/14060204-uus-600x322.jpg 600w, https:\/\/suukko2.fi\/wp-content\/uploads\/2022\/02\/14060204-uus.jpg 1549w\" sizes=\"auto, (max-width: 1024px) 100vw, 1024px\" \/><\/a><\/figure>\n\n\n\n<p><\/p>\n\n\n\n<p class=\"has-medium-font-size\">-Hitsausty\u00f6t esim. kaiderakenteet ja muutosty\u00f6t<\/p>\n\n\n\n<p class=\"has-medium-font-size\"> -Pohjahuollot, hiekkapuhallukset ja maalaukset Reposaaren telakalla. (om. Porin kaupunki)<\/p>\n\n\n\n<p class=\"has-medium-font-size\">-Moottorihuollot: Dieselmoottorit. Vanhat aidot laivakoneet, 2- ja 4 tahtiset. Mm. SKL, Deutz, Daldiesel, Detroid Diesel, jne.  paineilmak\u00e4ynnistyspullojen koeponnistukset, putkity\u00f6t, yms. <\/p>\n\n\n\n<figure class=\"wp-block-image aligncenter size-medium is-resized\"><a href=\"https:\/\/suukko2.fi\/wp-content\/uploads\/2025\/04\/1617355917555-scaled.jpg\"><img loading=\"lazy\" decoding=\"async\" width=\"169\" height=\"300\" src=\"https:\/\/suukko2.fi\/wp-content\/uploads\/2025\/04\/1617355917555-169x300.jpg\" alt=\"\" class=\"wp-image-813\" style=\"width:319px;height:566px\" srcset=\"https:\/\/suukko2.fi\/wp-content\/uploads\/2025\/04\/1617355917555-169x300.jpg 169w, https:\/\/suukko2.fi\/wp-content\/uploads\/2025\/04\/1617355917555-576x1024.jpg 576w, https:\/\/suukko2.fi\/wp-content\/uploads\/2025\/04\/1617355917555-768x1365.jpg 768w, https:\/\/suukko2.fi\/wp-content\/uploads\/2025\/04\/1617355917555-864x1536.jpg 864w, https:\/\/suukko2.fi\/wp-content\/uploads\/2025\/04\/1617355917555-1152x2048.jpg 1152w, https:\/\/suukko2.fi\/wp-content\/uploads\/2025\/04\/1617355917555-600x1067.jpg 600w, https:\/\/suukko2.fi\/wp-content\/uploads\/2025\/04\/1617355917555-scaled.jpg 1440w\" sizes=\"auto, (max-width: 169px) 100vw, 169px\" \/><\/a><\/figure>\n\n\n\n<p class=\"has-medium-font-size\">-Apukoneiden huollot ja korjaukset. Mm. Valmet, Perkins, Onan, Yanmar&#8230; Per\u00e4moottoreita emme korjaa. <\/p>\n\n\n\n<p class=\"has-medium-font-size\">-Laivas\u00e4hk\u00f6asennukset ja laitekokorjaukset, 12, 24, 230\/400 V.  My\u00f6s vanhat tasavirtaverkot.<\/p>\n\n\n\n<p class=\"has-medium-font-size\">-Maas\u00e4hk\u00f6asennukset (Tukes hyv\u00e4ksynt\u00e4)<\/p>\n\n\n\n<p class=\"has-medium-font-size\">-LVI asennukset ammattitaidolla. L\u00e4mmitysverkostot, makea- ja merivesijohdot, \u00f6ljypoltinhuolto (Tukes hyv\u00e4ksynt\u00e4). My\u00f6s k\u00e4\u00e4nteisosmoosilaitteet, joilla merivedest\u00e4 saa juomavett\u00e4<\/p>\n\n\n\n<figure class=\"wp-block-image aligncenter size-medium is-resized\"><a href=\"https:\/\/suukko2.fi\/wp-content\/uploads\/2025\/04\/telakalta-uudet-maalit.jpg\"><img loading=\"lazy\" decoding=\"async\" width=\"300\" height=\"300\" src=\"https:\/\/suukko2.fi\/wp-content\/uploads\/2025\/04\/telakalta-uudet-maalit-300x300.jpg\" alt=\"\" class=\"wp-image-814\" style=\"width:352px;height:352px\" srcset=\"https:\/\/suukko2.fi\/wp-content\/uploads\/2025\/04\/telakalta-uudet-maalit-300x300.jpg 300w, https:\/\/suukko2.fi\/wp-content\/uploads\/2025\/04\/telakalta-uudet-maalit-1024x1024.jpg 1024w, https:\/\/suukko2.fi\/wp-content\/uploads\/2025\/04\/telakalta-uudet-maalit-150x150.jpg 150w, https:\/\/suukko2.fi\/wp-content\/uploads\/2025\/04\/telakalta-uudet-maalit-768x768.jpg 768w, https:\/\/suukko2.fi\/wp-content\/uploads\/2025\/04\/telakalta-uudet-maalit-1536x1536.jpg 1536w, https:\/\/suukko2.fi\/wp-content\/uploads\/2025\/04\/telakalta-uudet-maalit-600x600.jpg 600w, https:\/\/suukko2.fi\/wp-content\/uploads\/2025\/04\/telakalta-uudet-maalit-100x100.jpg 100w, https:\/\/suukko2.fi\/wp-content\/uploads\/2025\/04\/telakalta-uudet-maalit.jpg 1564w\" sizes=\"auto, (max-width: 300px) 100vw, 300px\" \/><\/a><\/figure>\n\n\n\n<p class=\"has-medium-font-size\">-Ilmal\u00e4mp\u00f6pumppujen korjaukset\/asennukset laivoihin. (Tukes alle 3 kg kylm\u00e4p\u00e4tevyys)<\/p>\n\n\n\n<p class=\"has-medium-font-size\">-H\u00e4t\u00e4apu \/ neuvot puhelimitse (vapaaehtoinen maksu yhdistykselle)<\/p>\n\n\n\n<p class=\"has-medium-font-size\">-Alusten siirrot It\u00e4meren alueella ammattip\u00e4tevyyksin<\/p>\n\n\n\n<figure class=\"wp-block-image aligncenter size-medium is-resized\"><a href=\"https:\/\/suukko2.fi\/wp-content\/uploads\/2025\/04\/IMG_20200619_190257-scaled.jpg\"><img loading=\"lazy\" decoding=\"async\" width=\"300\" height=\"225\" src=\"https:\/\/suukko2.fi\/wp-content\/uploads\/2025\/04\/IMG_20200619_190257-300x225.jpg\" alt=\"\" class=\"wp-image-815\" style=\"width:350px;height:263px\" srcset=\"https:\/\/suukko2.fi\/wp-content\/uploads\/2025\/04\/IMG_20200619_190257-300x225.jpg 300w, https:\/\/suukko2.fi\/wp-content\/uploads\/2025\/04\/IMG_20200619_190257-1024x768.jpg 1024w, https:\/\/suukko2.fi\/wp-content\/uploads\/2025\/04\/IMG_20200619_190257-768x576.jpg 768w, https:\/\/suukko2.fi\/wp-content\/uploads\/2025\/04\/IMG_20200619_190257-1536x1152.jpg 1536w, https:\/\/suukko2.fi\/wp-content\/uploads\/2025\/04\/IMG_20200619_190257-2048x1536.jpg 2048w, https:\/\/suukko2.fi\/wp-content\/uploads\/2025\/04\/IMG_20200619_190257-600x450.jpg 600w\" sizes=\"auto, (max-width: 300px) 100vw, 300px\" \/><\/a><\/figure>\n\n\n\n<p class=\"has-medium-font-size\">Kysy lis\u00e4\u00e4: Samuli: 041 4849787 <a href=\"motorship.suukko@gmail.com\">motorship.suukko@gmail.com<\/a><\/p>\n","protected":false},"excerpt":{"rendered":"<p>Yhdistykselt\u00e4mme saat j\u00e4rkev\u00e4n hintaista ja ammattitaitoista laivakorjausta yli 15 metrisiin aluksiin rannikon alueella. P\u00e4\u00e4fokuksenamme on vanhat ja historialliset alukset, vaikkakin asiakaanamme on ollut my\u00f6s uudempiakin ammattialuksia. Kokemusta on sis\u00e4vesien vanhoista h\u00f6yryaluksista rahtilaivoihin saakka. Puualuksia emme korjaa, paitsi tekniikan osalta. -Hitsausty\u00f6t esim. kaiderakenteet ja muutosty\u00f6t -Pohjahuollot, hiekkapuhallukset ja maalaukset Reposaaren telakalla. (om. Porin kaupunki) -Moottorihuollot: Dieselmoottorit. [&hellip;]<\/p>\n","protected":false},"author":7,"featured_media":0,"parent":0,"menu_order":0,"comment_status":"closed","ping_status":"closed","template":"","meta":{"site-sidebar-layout":"default","site-content-layout":"","ast-site-content-layout":"default","site-content-style":"default","site-sidebar-style":"default","ast-global-header-display":"","ast-banner-title-visibility":"","ast-main-header-display":"","ast-hfb-above-header-display":"","ast-hfb-below-header-display":"","ast-hfb-mobile-header-display":"","site-post-title":"","ast-breadcrumbs-content":"","ast-featured-img":"","footer-sml-layout":"","theme-transparent-header-meta":"","adv-header-id-meta":"","stick-header-meta":"","header-above-stick-meta":"","header-main-stick-meta":"","header-below-stick-meta":"","astra-migrate-meta-layouts":"set","ast-page-background-enabled":"default","ast-page-background-meta":{"desktop":{"background-color":"var(--ast-global-color-4)","background-image":"","background-repeat":"repeat","background-position":"center center","background-size":"auto","background-attachment":"scroll","background-type":"","background-media":"","overlay-type":"","overlay-color":"","overlay-opacity":"","overlay-gradient":""},"tablet":{"background-color":"","background-image":"","background-repeat":"repeat","background-position":"center center","background-size":"auto","background-attachment":"scroll","background-type":"","background-media":"","overlay-type":"","overlay-color":"","overlay-opacity":"","overlay-gradient":""},"mobile":{"background-color":"","background-image":"","background-repeat":"repeat","background-position":"center center","background-size":"auto","background-attachment":"scroll","background-type":"","background-media":"","overlay-type":"","overlay-color":"","overlay-opacity":"","overlay-gradient":""}},"ast-content-background-meta":{"desktop":{"background-color":"var(--ast-global-color-5)","background-image":"","background-repeat":"repeat","background-position":"center center","background-size":"auto","background-attachment":"scroll","background-type":"","background-media":"","overlay-type":"","overlay-color":"","overlay-opacity":"","overlay-gradient":""},"tablet":{"background-color":"var(--ast-global-color-5)","background-image":"","background-repeat":"repeat","background-position":"center center","background-size":"auto","background-attachment":"scroll","background-type":"","background-media":"","overlay-type":"","overlay-color":"","overlay-opacity":"","overlay-gradient":""},"mobile":{"background-color":"var(--ast-global-color-5)","background-image":"","background-repeat":"repeat","background-position":"center center","background-size":"auto","background-attachment":"scroll","background-type":"","background-media":"","overlay-type":"","overlay-color":"","overlay-opacity":"","overlay-gradient":""}},"footnotes":""},"class_list":["post-356","page","type-page","status-publish","hentry"],"_links":{"self":[{"href":"https:\/\/suukko2.fi\/index.php?rest_route=\/wp\/v2\/pages\/356","targetHints":{"allow":["GET"]}}],"collection":[{"href":"https:\/\/suukko2.fi\/index.php?rest_route=\/wp\/v2\/pages"}],"about":[{"href":"https:\/\/suukko2.fi\/index.php?rest_route=\/wp\/v2\/types\/page"}],"author":[{"embeddable":true,"href":"https:\/\/suukko2.fi\/index.php?rest_route=\/wp\/v2\/users\/7"}],"replies":[{"embeddable":true,"href":"https:\/\/suukko2.fi\/index.php?rest_route=%2Fwp%2Fv2%2Fcomments&post=356"}],"version-history":[{"count":11,"href":"https:\/\/suukko2.fi\/index.php?rest_route=\/wp\/v2\/pages\/356\/revisions"}],"predecessor-version":[{"id":896,"href":"https:\/\/suukko2.fi\/index.php?rest_route=\/wp\/v2\/pages\/356\/revisions\/896"}],"wp:attachment":[{"href":"https:\/\/suukko2.fi\/index.php?rest_route=%2Fwp%2Fv2%2Fmedia&parent=356"}],"curies":[{"name":"wp","href":"https:\/\/api.w.org\/{rel}","templated":true}]}}